) = -b**2 - 6*b + 5. Let s be v(-6). Let x(i) = 6*i - 7. Let q be x(s). What is the highest common factor of 69 and q?
23
Let l(w) = -3*w - 14. Let i be l(-6). Suppose 3*p - 2*p = -2*s + 6, p + 3*s - 7 = 0. Calculate the highest common divisor of i and p.
4
Suppose 0 = -3*w + 9 - 0. Let z(o) = -7 - 2*o + 3*o**3 - 2*o**w - 4*o**2 - o. Let i be z(5). What is the greatest common divisor of 33 and i?
3
Let u(c) = 13*c + 1. Let g be u(1). What is the highest common divisor of g and 56?
14
Suppose h = -s + 6, -5*h + 4*s = -2 - 1. Suppose 5*x = -g + 9 + 34, 25 = 3*x + g. What is the highest common divisor of h and x?
3
Let u(k) = k**3 + 9*k**2 - 11*k + 12. Let x be u(-10). Calculate the highest common factor of 88 and x.
22
Let s = -2 + 6. Suppose -s*j - c + 222 = 0, c = -j - 4*c + 65. Suppose 0*b - 2*b = -22. What is the highest common factor of b and j?
11
Let s = 16 - 1. What is the highest common divisor of s and 75?
15
Let u = -40 + 41. Let c be 1 - -1 - (-1 + 1). Suppose 16 = 4*a - c*k, -a = 2*k - k - 1. What is the greatest common divisor of u and a?
1
Suppose l - 2*n - 22 = 0, -5*l + 186 = 3*n + 76. Let f be (-800)/(-36) + 4/(-18). What is the highest common factor of f and l?
22
Let m(s) = 48*s**3 - s**2 + 2*s - 1. Let f be m(1). Let n(o) = o**2 + 6*o. Let v be n(-8). What is the highest common factor of v and f?
16
Let f(q) = -q**2 - 1 - 7*q + 6*q - 17*q + 0. Let t be f(-14). What is the highest common factor of 11 and t?
11
Let u(c) = 3*c**2 - 5*c - 4. Let d be u(-1). What is the highest common factor of 2 and d?
2
Let n(u) = u. Let z be n(2). What is the greatest common factor of 10 and z?
2
Suppose i - 42 = -4*x, -3*x - 30 = -5*x + 4*i. What is the greatest common divisor of x and 22?
11
Let d be 0 + (-3 + 2)*-28. Let y be (-1)/(-4) + 27/4. What is the greatest common factor of y and d?
7
Let k(h) = -h**3 - h + 120. Let w be k(0). Calculate the highest common factor of w and 15.
15
Let b = 6 - 3. Let v be (-9)/(-3) - b - -40. Calculate the greatest common factor of v and 5.
5
Suppose 0 = -0*v - 5*v, -5*s + 5*v + 205 = 0. Suppose 7 - 3 = q, -3*o = 2*q - s. What is the highest common divisor of o and 55?
11
Let m = 54 - 22. What is the greatest common divisor of m and 24?
8
Suppose 0 = 3*s - 53 - 220. Let f(z) = z**3 + 9*z**2 - 12*z - 7. Let r be f(-10). Calculate the greatest common divisor of r and s.
13
Let p(c) = c**3 + 5*c**2 + 4*c + 3. Let b be p(-3). Let j be (b + -8)*23*1. Let k(w) = 35*w - 1. Let h be k(2). Calculate the highest common factor of j and h.
23
Let c(p) = -p - 1. Let t(k) = 13*k + 4. Let d(j) = -5*c(j) - t(j). Let n be d(-6). Let b = -25 + n. What is the highest common factor of 16 and b?
8
Let h = -246 + 254. Let q = 18 - 10. Calculate the highest common factor of q and h.
8
Let b(u) = -u**3 + 6*u**2 + 7*u + 4. Let g be b(7). Suppose g*i - 347 = -7. Let z = -45 + i. What is the highest common factor of z and 8?
8
Let d = 17 - 7. Suppose 0 = 2*j - 0*u + 4*u - 20, -10 = -5*u. Let t(w) = 11*w + 4. Let b be t(j). Calculate the highest common divisor of d and b.
10
Let u = 75 + -46. Let j = u - 11. Calculate the highest common factor of 144 and j.
18
Suppose -2*n + 22 = 2*x - 4*n, 0 = 4*x + n - 39. What is the greatest common divisor of x and 50?
10
Let v be (-1 + 1/5)*10. Let b = v + 15. What is the highest common divisor of b and 14?
7
Suppose 6*v + 12 - 72 = 0. Calculate the highest common factor of v and 10.
10
Let i be (-4 + -51)*2/(-5). What is the greatest common factor of 55 and i?
11
Let l be (-1 + 69)*(4 - 0/3). Calculate the greatest common factor of 34 and l.
34
Let x(k) = -3*k + 0*k - 10 - 2*k - 2. Let d be x(-6). What is the highest common factor of d and 18?
18
Let x(f) = 44*f**3 + f**2. Let l be x(-1). Let h be l/(-5) + (-6)/10. What is the greatest common divisor of 8 and h?
8
Let b = -12 + 8. Let g be 2*(-166)/b - -1. Let q(j) = 2*j. Let f be q(6). What is the greatest common divisor of g and f?
12
Let b be (-1)/3 - (-7160)/24. Let g = b + -78. Let q = 36 - 16. What is the greatest common factor of g and q?
20
Suppose 3*j + 12 = 0, 2*o + 4*j + 6 = -18. Let a be o/(-10) - 8/(-5). Calculate the greatest common divisor of 22 and a.
2
Let x be 3 - 1 - (6 + -16). What is the greatest common divisor of x and 60?
12
Suppose 3*j - 5*u = j - 4, -j - 4*u + 11 = 0. Suppose 94 - 16 = j*m. Let r = 14 + -1. What is the greatest common divisor of m and r?
13
Let y be -1 + (9 - -2)*1. Let q be (y/25)/((-2)/(-40)). What is the greatest common factor of 56 and q?
8
Let c be -162*4/14*(-21)/9. Calculate the highest common factor of c and 12.
12
Suppose -5*v + 15 = -65. Calculate the greatest common divisor of v and 16.
16
Let i be -2*(6/3 + -3). What is the highest common factor of i and 10?
2
Suppose -26 = 5*r + 3*i, -3*r + 4*r - 8 = -5*i. Let k = r - -25. Let y = -23 - -50. What is the highest common divisor of y and k?
9
Suppose -3*n = -5*n - 18. Let h(i) = -5*i + 10. Let a be h(n). Let o be (4/(-6))/(8/(-132)). Calculate the greatest common divisor of a and o.
11
Let y(l) = -l**3 + 3*l**2 - 3*l + 10. Let u be y(3). Calculate the greatest common factor of 3 and u.
1
Let o be -16*(2 - -1 - 5). Calculate the greatest common divisor of 8 and o.
8
Suppose -2 = -4*n + 10. Let w = 1 - -1. Let m be (w + 1)*10/2. What is the greatest common divisor of m and n?
3
Let y be 1*(-1 + 16/4). Suppose -15 = -4*w + 3*l, -2*l = -3*w + 15 - 5. Suppose w = -3*b - b + 4. Calculate the greatest common divisor of y and b.
1
Let h(q) = 0*q + 7 - 2 - 7*q - q**2. Let d be h(-7). Suppose 2*o - 5*o + d*n = -38, 2*o - 2*n - 28 = 0. What is the greatest common factor of 8 and o?
8
Let g(b) = b**3 + 7*b**2 + 2. Let c be (-8)/6*(-1 - 2). Suppose 0*q + 28 = -c*q. Let a be g(q). Calculate the highest common divisor of 10 and a.
2
Let t be (-2)/(-4) + 58/4. Let m be (-13 + 1)/(6/(-4)). Let p = t - m. What is the highest common factor of p and 7?
7
Let j be 52/(-32)*-10 - 1/4. Calculate the greatest common divisor of j and 72.
8
Let j = -37 - -26. Let w = 0 - j. Suppose 3*g - 5*t - 27 = g, -5*t = 25. What is the greatest common divisor of g and w?
1
Suppose 2*d = 5*p - 195, 5*p + 2*d - 64 = 131. Calculate the highest common divisor of p and 429.
39
Let v = 86 - 36. What is the greatest common divisor of v and 10?
10
Suppose -j - k - 2*k + 42 = 0, -2*k = 5*j - 223. What is the highest common factor of j and 18?
9
Suppose -6*u + 88 = 5*u. Calculate the greatest common divisor of u and 8.
8
Let r be 1*9/6*2. Suppose -4*c + 27 = r. Calculate the greatest common divisor of 12 and c.
6
Suppose -103 = 4*x - 5*l - 563, -2*x = 2*l - 248. Let u = 3 + 17. Calculate the highest common divisor of u and x.
20
Let f be 6/4 + 1256/16. Let o be (-2)/(-6) + 118/6. Calculate the greatest common factor of o and f.
20
Suppose 1 = -5*s + 2*v + 19, v + 10 = 3*s. Suppose m + s*m - 99 = 0. What is the greatest common factor of m and 22?
11
Let m(c) = 2*c**2 - c + 1. Let a be m(-5). Let v(u) = u**2 - 2. Let g be v(-4). What is the greatest common divisor of g and a?
14
Suppose 0 = 5*a - 4*a - 23. Suppose 4*g = -4, -5*g = 2*p - 10*g - 13. Suppose p*z - 201 = a. Calculate the greatest common divisor of 7 and z.
7
Let g = -48 + 60. What is the highest common factor of g and 18?
6
Let v = 121 - 115. What is the highest common divisor of v and 78?
6
Let j(t) = -t**3 - 3*t**2 + 4*t. Let q be j(-3). Let u = 43 - q. Calculate the highest common factor of u and 5.
5
Suppose u = -u + 176. Suppose -u = -j - j. Calculate the greatest common factor of 4 and j.
4
Let u be (0 + 216/28)*7. Let o be (-4)/3*3/(-2). Suppose 0*w = -o*w + u. Calculate the greatest common divisor of 18 and w.
9
Let m(v) = -3*v - 3. Let y(f) = -f - 2. Let h be y(0). Let x be m(h). Calculate the highest common divisor of x and 3.
3
Let s be 36 - 11/(22/(-8)). What is the greatest common factor of s and 5?
5
Let f(l) = -l**3 - 4*l**2 - 5*l - 7. Let p be f(-7). Suppose 3*y - 52 = -p. Let b = -29 - y. Calculate the greatest common divisor of 96 and b.
12
Suppose -3*i = -26 - 10. What is the highest common divisor of 24 and i?
12
Suppose 3*g = 3*r - 36, r - 2*g = -2 + 11. What is the greatest common factor of 120 and r?
15
Let c be (3/((-9)/(-102)) - -3) + -2. What is the greatest common factor of 5 and c?
5
Suppose 5*n